. Determine g(b).
9
Let d(o) = -8*o - 4. Let f = 432 + -434. Give d(f).
12
Let j(g) = -g + g**3 - 3*g**2 - 660 - 3*g + 656. Let c be j(4). Let b(d) = 4*d + 6. Calculate b(c).
-10
Let v(b) = 3*b - 1. Suppose 3*o + 3*y = 15, -3*o - 13 = -4*y - 0. Give v(o).
2
Let y(b) = b**3 - 8*b**2 - 10*b + 12. Suppose -37 = -5*g + 33. Let w be 585/63 - 4/g. Give y(w).
3
Let j(l) = 6*l - 6*l**2 + 9 - l**3 - 8 + 5*l**2 + 5*l**2. Suppose 0 = 3*c + 5*r - 39, -2*c - c + 2*r = -39. Suppose -c = -4*w + 7. Determine j(w).
6
Let f(z) = -2*z**2 + 3*z**2 + 8*z + 621 - 613. Let m(s) = s**2 - 8*s + 6. Suppose 0*i = 4*i - 3*t - 12, 3*i + 5*t - 38 = 0. Let j be m(i). Calculate f(j).
-4
Let s(i) = i**2 - 12*i - 20. Let c(u) = -4*u**2 + 35*u + 62. Let z(p) = -4*c(p) - 14*s(p). Let o be z(-13). Let w(b) = b + 4. Give w(o).
10
Suppose -5*y = 0, -3*y = -z - 5*y + 3. Let l(d) be the first derivative of -d**3/3 + d**2 + 2*d + 1289. Give l(z).
-1
Let r(z) be the second derivative of z**5/60 + 3*z**4/8 - 2*z**3/3 - 2*z**2 + 11*z. Let j(n) be the first derivative of r(n). Determine j(-6).
-22
Let z(n) = -9*n - 7. Let m be z(-1). Suppose 3*y - 9 = -5*c, -c + m*c = -y + 1. Let h(r) = -4*r. Determine h(c).
-12
Let l(s) = -41*s - 29*s + 63*s + 8 - s**2. Calculate l(-7).
8
Suppose 0 = -15*u - 49 - 26. Let k(t) = t**3 + 7*t**2 + 7*t - 2. Calculate k(u).
13
Let w(i) = 5*i - 7*i + 41 - 26. Let l be w(6). Let a be 7 + (l + -3 - 1). Let q(p) = -2*p + 8. Calculate q(a).
-4
Let o(t) = -3*t**2 + 2*t + 2. Let u(w) = 3*w**2 - 3*w - 3. Let z(a) = -3*o(a) - 2*u(a). Suppose 2*n - 8 = -3*s, s + 28 = 30. Give z(n).
3
Let z(a) = -29*a**2 + 8 + 0 - 30*a**2 - 10*a + 69*a**2 + a**3. Calculate z(-11).
-3
Let w(x) be the second derivative of -3*x**4/2 + x**2/2 - 26*x. Give w(1).
-17
Let v(m) = 6 + 141*m - 73*m + m**2 + m**3 - 76*m. What is v(3)?
18
Let k(t) = -2*t - 2. Suppose -5*q = -2*q - 36. Suppose -q*z - 48 = -18*z. What is k(z)?
-18
Let z(j) = 0 - 2 - j**3 + j**2 - 4. Let c(s) = 5*s + 15. Suppose -5*n + 31 = -2*d, 3*d = 4*n - 35 + 6. Let x be c(d). Determine z(x).
-6
Let z(t) = 2*t**2 - 3*t + 5. Let k = -936 - -938. Calculate z(k).
7
Let o(r) = 5*r - 206 + 92 + 107. Calculate o(7).
28
Let m = 717 + -706. Let s(f) = 2*f - 25. What is s(m)?
-3
Let q(c) = -17*c**3 + c**2 + c - 1. Let o be (-2)/6*(-3 + -12). Suppose -5*j + 0*j + o = 0. Give q(j).
-16
Let k = 7 + -3. Suppose 3*y = y + 2*r - 4, 0 = -y - r + k. Let g(w) = -2*w + 4*w - 4*w. Calculate g(y).
-2
Suppose 3*v - 2*v - 5 = 0. Suppose 2*h - 3 = -0*z - v*z, -h + 5*z - 6 = 0. Let y(x) = -7*x. Give y(h).
7
Let z be 3*1 - (-1 + 2). Let m(q) = -4*q**2 - 1 + 0*q**z + 5*q**2. Let t be 27/90 + (-91)/70. What is m(t)?
0
Let r(c) be the third derivative of c**4/12 + 9*c**3/2 - 4*c**2. Let p be r(-14). Let i(u) = 3*u**2 + u + 1. Determine i(p).
3
Let n(d) = d**2 - 4*d + 3. Suppose 1 = -10*o + 31. Give n(o).
0
Let m(t) = -t**3 - 4*t**2 - 4*t. Suppose 4*q + 6 = 2*s, 3 = 4*q - 5*q. Give m(s).
3
Suppose -5*v - 21 - 64 = 2*l, 3*l = 3*v - 117. Let x = l + 45. Let b(d) be the third derivative of -d**6/120 + d**5/15 + d**4/4 - 5*d**3/6 - d**2. What is b(x)?
0
Let y = -96 + 91. Let c(f) = -f**3 - 4*f**2 - 2*f - 7. Give c(y).
28
Let q(b) = b**2. Let o(u) = -4*u**2 + 3*u - 3. Let p(z) = -4*z**2 - 2*z + 1. Let a be p(1). Let c(g) = a*q(g) - o(g). Give c(-4).
-1
Let k(b) = -5*b - 11. Let x(y) = -3*y. Let d(t) = k(t) - 2*x(t). Calculate d(18).
7
Let j = 567 - 575. Let c(x) = x**2 + 8*x + 17. Give c(j).
17
Let w(d) = -d**3 - 12*d**2 + 13*d - 8. Let l be (9 - (-424)/(-48)) + (-158)/12. Calculate w(l).
-8
Let d(t) = -73*t + 152*t + 12 - 78*t. Let i(y) = y - 5. Let a be i(6). Let v be -2 - a - -3 - 6. Give d(v).
6
Let n = -155 + 152. Let d(o) = -2*o**2 - 2*o + 6. Calculate d(n).
-6
Let n = -56 + 100. Let p = -51 + n. Let s(d) = d**2 + 5*d - 10. What is s(p)?
4
Let f(s) be the third derivative of 7/24*s**4 + 0*s + 0 + 4*s**2 + 1/6*s**3. Let r be (-32)/(-8) + 1 + -6. Give f(r).
-6
Let o(l) = 2*l - 8. Let y be o(7). Let b(a) = 22*a**2 - 15*a**2 + y*a + 3 + 1. Let t(q) = -q**2 - q - 1. Let w(p) = -b(p) - 6*t(p). What is w(-2)?
-2
Let j(b) be the third derivative of b**6/120 - 7*b**5/60 + b**4/4 - 13*b**3/6 + 16*b**2 - 16. Give j(6).
-13
Let g(t) = -t**2 - t + 5. Suppose 3*p + 256 = 4*z, 0 = -z - 3*p + p + 64. Suppose 12*l + 8 + z = 0. Calculate g(l).
-25
Suppose 344 = -3*p + 338. Let w(m) = -m - 1 - 2*m + 0. Give w(p).
5
Let j(h) = -5*h + 3*h**2 + 3*h**2 - 6*h**2 - 6*h**2 + h**3 - 5. Suppose -11 = 5*b - 6*b + d, -5*b = -2*d - 43. Give j(b).
9
Let t = 11 + 3. Suppose 10*m - t*m = -8. Let q(s) = 6 + 0*s**m - 5*s**2 - s**2 - s**3 - 7*s - 2*s**2. Calculate q(-7).
6
Let z be ((-6)/(-15))/(1/5). Let s be (-3)/(2/(z + -4)). Let l(j) = 1 - s*j + 3*j - 3*j. What is l(-1)?
4
Let f(h) = h**2 - 2. Let w(t) = -t - 2. Let d be w(-3). Suppose 4 = x + d. Suppose -x*b + 0*b = -5*p + 6, -3*b = 6. Give f(p).
-2
Let h(w) be the second derivative of w**4/12 + 5*w**3/3 + 13*w**2/2 + 179*w. What is h(-9)?
4
Let z(b) = -8*b + 1. Let o be ((-5)/(-10))/((-1)/2). Let c be (o - -2)/(3/(3 + -6)). Determine z(c).
9
Let z be (-5 + -9 + 12)*(1 + -2). Let c(k) be the first derivative of 3/2*k**z + 3 + 0*k. What is c(2)?
6
Let l(a) = -a**2 + 4*a - 1. Let y be 9/(-18) - 14/(-4). Suppose 2*w - 6 = -2. Let n = w + y. Give l(n).
-6
Let y(m) be the second derivative of -7/6*m**3 + 0 + 1/2*m**2 - 10*m. Determine y(-1).
8
Let o(v) = -v**3 + 5*v**2 - 6*v + 2. Let i = 99 - 54. Let c be ((-1)/(-3) + 165/i)*1. What is o(c)?
-6
Let a(q) = -3*q - 9. Suppose 13*o - 576 = -1668. Let f = 78 + o. What is a(f)?
9
Let v = -6 - -9. Suppose 0 = -2*j - v*j + 15. Let t(s) = s**2 - 1 - 4*s + 4*s**j + 0*s**2 - 3*s**3 + 2. Give t(-3).
-5
Let b be 1/(3/(-12)) - -9. Let d(x) = 7*x - 12 + b*x + 0. Let z(h) = 4*h - 4. Let v(i) = -2*d(i) + 7*z(i). What is v(3)?
8
Let g(v) be the first derivative of v**2/2 - 7*v + 5. Let m = -20 - -22. Suppose 5 = m*f - f. Give g(f).
-2
Let a = -8 - -11. Suppose 4 = a*q + 1. Let w(v) be the third derivative of -v**5/30 + v**4/24 + 11*v**2 - 2. Give w(q).
-1
Suppose 4*m - 3*r = -0*r - 51, m - 6 = -3*r. Let s(i) = -12*i - 9. Let n(b) = -1 - 61*b + 20*b + 20*b + 20*b. Let o(y) = m*n(y) + s(y). What is o(-1)?
3
Let n(f) be the third derivative of f**4/24 + 8*f**3/3 + 2*f**2 - 14. Determine n(0).
16
Let u = 77 - 75. Let y(w) = -1. Let j(h) = -3*h**3 + 2*h**2 + h - 6. Let c(i) = -j(i) + 4*y(i). Give c(u).
16
Let n(s) be the second derivative of -s**4/12 - 4*s**3/3 - 3*s**2/2 - 23*s + 9. Calculate n(-8).
-3
Let y(o) = -o**3 + 4*o**2 - 2. Suppose 0 = -5*q + 9*q - 24. Suppose 28*b - q = 26*b. What is y(b)?
7
Let m(o) = -o**3 + o**2 - 13*o + 3. Let b(w) = -2*w**3 - 27*w + 4. Let h(s) = -4*b(s) + 9*m(s). Give h(8).
3
Suppose -2*g = -22*g + 40. Let i(m) be the first derivative of 4 + 0*m**2 + 2/3*m**3 + g*m. Give i(2).
10
Let f(d) = -d + 13. Let t be (-18 + 19)/((-1)/(-10)). What is f(t)?
3
Let a = 77 - 48. Suppose -4*r + 5 = a. Let t(l) = -14*l**2 + 18*l - 5. Let u(w) = -5*w**2 + 6*w - 2. Let m(q) = 6*t(q) - 17*u(q). Calculate m(r).
4
Let f(c) = 2*c**2 + 34*c - 42. Let p be f(-18). Let z be (-9 - p)/(1 + -2). Let a(v) = v**3 - 3*v**2 - 3*v - 2. Give a(z).
-11
Suppose 2*i = -8, 3*b = -3*i + i - 26. Let v(j) be the third derivative of j**5/60 + j**4/3 + j**3/3 + 15*j**2. Determine v(b).
-10
Let i(n) = 29*n**3 - 3*n**2 + n + 1. Let y(r) = -r**3 + 34*r**2 + 34*r + 36. Let z be y(35). What is i(z)?
28
Let k(z) = 74 - 3*z + 3*z - 149 + 73 + 2*z. Let n(s) = -s**2 - 8*s - 2. Let p be n(-8). Let l = -1 + p. Determine k(l).
-8
Let h(y) = -11*y - 29. Suppose -3*z + 0*z + 9 = 0. Let m(n) = 4*n + 10. Let a(b) = z*h(b) + 8*m(b). Calculate a(-9).
2
Let x(w) = w**3 + 11*w**2 - 26*w - 1. Let d be x(-13). Let g(y) = -y**2 + 2*y**2 - y + 0*y**2 + 3*y**2. Give g(d).
5
Let a(y) be the first derivative of y**3/3 - 3*y**2 + 15*y + 828. Calculate a(6).
15
Let n(h) be the third derivative of h**5/30 - h**4/12 - 2*h**3/3 + 3*h**2 + 8*h. Calculate n(-3).
20
Suppose -5*t - 10 = 3*x - 7, -5*x = 5*t + 5. Let n(y) = -3*y**2 + 4*y + 3. What is n(x)?
-4
Let m(z) be the third derivative of -z**6/120 + z**5/6 - 7*z**4/24 - 3*z**3/2 + 4*z**2 - 11. Give m(9).
9
Let j(y) be the second derivative of y**4/12 + y**3/3 + 2*y**2 + 7*y - 1. What is j(-2)?
4
Suppose